{"id":147,"date":"2024-04-23T02:07:23","date_gmt":"2024-04-23T02:07:23","guid":{"rendered":"https:\/\/mexicoformandocampeones.org\/?page_id=147"},"modified":"2025-09-04T20:50:12","modified_gmt":"2025-09-04T20:50:12","slug":"apoyo-atletas","status":"publish","type":"page","link":"https:\/\/mexicoformandocampeones.org\/index.php\/apoyo-atletas\/","title":{"rendered":"Apoyo Atletas"},"content":{"rendered":"\n<figure class=\"wp-block-image aligncenter size-large\"><img loading=\"lazy\" decoding=\"async\" width=\"768\" height=\"1024\" src=\"https:\/\/mexicoformandocampeones.org\/wp-content\/uploads\/2025\/09\/WhatsApp-Image-2025-09-04-at-1.52.51-PM-1-768x1024.jpeg\" alt=\"\" class=\"wp-image-702\" srcset=\"https:\/\/mexicoformandocampeones.org\/wp-content\/uploads\/2025\/09\/WhatsApp-Image-2025-09-04-at-1.52.51-PM-1-768x1024.jpeg 768w, https:\/\/mexicoformandocampeones.org\/wp-content\/uploads\/2025\/09\/WhatsApp-Image-2025-09-04-at-1.52.51-PM-1-225x300.jpeg 225w, https:\/\/mexicoformandocampeones.org\/wp-content\/uploads\/2025\/09\/WhatsApp-Image-2025-09-04-at-1.52.51-PM-1-1152x1536.jpeg 1152w, https:\/\/mexicoformandocampeones.org\/wp-content\/uploads\/2025\/09\/WhatsApp-Image-2025-09-04-at-1.52.51-PM-1.jpeg 1536w\" sizes=\"auto, (max-width: 768px) 100vw, 768px\" \/><\/figure>\n\n\n\n<p>Entrega de Uniforme para la Seleccionada Nacional de Hockey sobre Pasto Dannae S.M.G, quien logro el 3er lugar en la Olimpiada Nacional 2025.<\/p>\n\n\n\n<figure class=\"wp-block-video\"><video height=\"848\" style=\"aspect-ratio: 480 \/ 848;\" width=\"480\" controls src=\"https:\/\/mexicoformandocampeones.org\/wp-content\/uploads\/2024\/07\/WhatsApp-Video-2024-07-10-at-2.06.19-PM.mp4\"><\/video><\/figure>\n\n\n\n<figure class=\"wp-block-video\"><video height=\"848\" style=\"aspect-ratio: 480 \/ 848;\" width=\"480\" controls src=\"https:\/\/mexicoformandocampeones.org\/wp-content\/uploads\/2024\/07\/WhatsApp-Video-2024-06-29-at-11.19.54-PM.mp4\"><\/video><\/figure>\n\n\n\n<figure style=\"margin-top:var(--wp--preset--spacing--40);margin-right:var(--wp--preset--spacing--80);margin-bottom:var(--wp--preset--spacing--40);margin-left:var(--wp--preset--spacing--80);padding-top:var(--wp--preset--spacing--50);padding-right:var(--wp--preset--spacing--80);padding-bottom:var(--wp--preset--spacing--50);padding-left:var(--wp--preset--spacing--80)\" class=\"wp-block-video\"><video height=\"854\" style=\"aspect-ratio: 480 \/ 854;\" width=\"480\" controls src=\"https:\/\/mexicoformandocampeones.org\/wp-content\/uploads\/2024\/04\/WhatsApp-Video-2024-04-23-at-14.13.07.mp4\"><\/video><\/figure>\n\n\n\n<div class=\"wp-block-group is-layout-constrained wp-block-group-is-layout-constrained\">\n<figure class=\"wp-block-video aligncenter\"><video height=\"1920\" style=\"aspect-ratio: 1080 \/ 1920;\" width=\"1080\" controls src=\"https:\/\/mexicoformandocampeones.org\/wp-content\/uploads\/2024\/05\/JOSUA-REBOLLO-1.mp4\"><\/video><\/figure>\n<\/div>\n\n\n\n<figure class=\"wp-block-video aligncenter\" style=\"padding-top:var(--wp--preset--spacing--70);padding-right:var(--wp--preset--spacing--80);padding-bottom:var(--wp--preset--spacing--70);padding-left:var(--wp--preset--spacing--80)\"><video height=\"480\" style=\"aspect-ratio: 848 \/ 480;\" width=\"848\" autoplay controls preload=\"auto\" src=\"https:\/\/mexicoformandocampeones.org\/wp-content\/uploads\/2024\/04\/WhatsApp-Video-2024-04-23-at-14.21.17.mp4\"><\/video><\/figure>\n\n\n\n<figure class=\"wp-block-video aligncenter\" style=\"padding-top:var(--wp--preset--spacing--40);padding-right:var(--wp--preset--spacing--80);padding-bottom:var(--wp--preset--spacing--40);padding-left:var(--wp--preset--spacing--80)\"><video height=\"480\" style=\"aspect-ratio: 848 \/ 480;\" width=\"848\" controls preload=\"auto\" src=\"https:\/\/mexicoformandocampeones.org\/wp-content\/uploads\/2024\/04\/WhatsApp-Video-2024-04-23-at-14.21.10.mp4\"><\/video><\/figure>\n\n\n\n<figure style=\"padding-top:var(--wp--preset--spacing--40);padding-right:var(--wp--preset--spacing--80);padding-bottom:var(--wp--preset--spacing--40);padding-left:var(--wp--preset--spacing--80)\" class=\"wp-block-video\"><video height=\"480\" style=\"aspect-ratio: 848 \/ 480;\" width=\"848\" controls preload=\"auto\" src=\"https:\/\/mexicoformandocampeones.org\/wp-content\/uploads\/2024\/04\/WhatsApp-Video-2024-04-23-at-14.21.05.mp4\"><\/video><\/figure>\n\n\n\n<div class=\"wp-block-columns is-layout-flex wp-container-core-columns-is-layout-28f84493 wp-block-columns-is-layout-flex\">\n<div class=\"wp-block-column is-layout-flow wp-block-column-is-layout-flow\">\n<figure class=\"wp-block-image size-large\"><img loading=\"lazy\" decoding=\"async\" width=\"768\" height=\"1024\" src=\"https:\/\/mexicoformandocampeones.org\/wp-content\/uploads\/2025\/09\/WhatsApp-Image-2025-09-04-at-2.13.25-PM-1-768x1024.jpeg\" alt=\"\" class=\"wp-image-712\" srcset=\"https:\/\/mexicoformandocampeones.org\/wp-content\/uploads\/2025\/09\/WhatsApp-Image-2025-09-04-at-2.13.25-PM-1-768x1024.jpeg 768w, https:\/\/mexicoformandocampeones.org\/wp-content\/uploads\/2025\/09\/WhatsApp-Image-2025-09-04-at-2.13.25-PM-1-225x300.jpeg 225w, https:\/\/mexicoformandocampeones.org\/wp-content\/uploads\/2025\/09\/WhatsApp-Image-2025-09-04-at-2.13.25-PM-1-1152x1536.jpeg 1152w, https:\/\/mexicoformandocampeones.org\/wp-content\/uploads\/2025\/09\/WhatsApp-Image-2025-09-04-at-2.13.25-PM-1.jpeg 1200w\" sizes=\"auto, (max-width: 768px) 100vw, 768px\" \/><\/figure>\n<\/div>\n\n\n\n<div class=\"wp-block-column is-layout-flow wp-block-column-is-layout-flow\">\n<figure class=\"wp-block-image size-large\"><img loading=\"lazy\" decoding=\"async\" width=\"768\" height=\"1024\" src=\"https:\/\/mexicoformandocampeones.org\/wp-content\/uploads\/2025\/09\/WhatsApp-Image-2025-09-04-at-2.13.25-PM-2-768x1024.jpeg\" alt=\"\" class=\"wp-image-713\" srcset=\"https:\/\/mexicoformandocampeones.org\/wp-content\/uploads\/2025\/09\/WhatsApp-Image-2025-09-04-at-2.13.25-PM-2-768x1024.jpeg 768w, https:\/\/mexicoformandocampeones.org\/wp-content\/uploads\/2025\/09\/WhatsApp-Image-2025-09-04-at-2.13.25-PM-2-225x300.jpeg 225w, https:\/\/mexicoformandocampeones.org\/wp-content\/uploads\/2025\/09\/WhatsApp-Image-2025-09-04-at-2.13.25-PM-2-1152x1536.jpeg 1152w, https:\/\/mexicoformandocampeones.org\/wp-content\/uploads\/2025\/09\/WhatsApp-Image-2025-09-04-at-2.13.25-PM-2.jpeg 1200w\" sizes=\"auto, (max-width: 768px) 100vw, 768px\" \/><\/figure>\n<\/div>\n<\/div>\n\n\n\n<p class=\"has-text-align-center\">Entrega de Uniforme para la Selecci\u00f3n de Nataci\u00f3n para el Estatal Oro Curso Largo 2025 llevada a cabo en Morelos. <\/p>\n\n\n\n<div class=\"wp-block-columns is-layout-flex wp-container-core-columns-is-layout-28f84493 wp-block-columns-is-layout-flex\">\n<div class=\"wp-block-column is-layout-flow wp-block-column-is-layout-flow\">\n<figure class=\"wp-block-image aligncenter size-large is-resized\"><img loading=\"lazy\" decoding=\"async\" width=\"768\" height=\"1024\" src=\"https:\/\/mexicoformandocampeones.org\/wp-content\/uploads\/2025\/09\/WhatsApp-Image-2025-09-04-at-1.52.50-PM-7-1-768x1024.jpeg\" alt=\"\" class=\"wp-image-706\" style=\"width:308px;height:auto\" srcset=\"https:\/\/mexicoformandocampeones.org\/wp-content\/uploads\/2025\/09\/WhatsApp-Image-2025-09-04-at-1.52.50-PM-7-1-768x1024.jpeg 768w, https:\/\/mexicoformandocampeones.org\/wp-content\/uploads\/2025\/09\/WhatsApp-Image-2025-09-04-at-1.52.50-PM-7-1-225x300.jpeg 225w, https:\/\/mexicoformandocampeones.org\/wp-content\/uploads\/2025\/09\/WhatsApp-Image-2025-09-04-at-1.52.50-PM-7-1-1152x1536.jpeg 1152w, https:\/\/mexicoformandocampeones.org\/wp-content\/uploads\/2025\/09\/WhatsApp-Image-2025-09-04-at-1.52.50-PM-7-1.jpeg 1200w\" sizes=\"auto, (max-width: 768px) 100vw, 768px\" \/><\/figure>\n<\/div>\n\n\n\n<div class=\"wp-block-column is-layout-flow wp-block-column-is-layout-flow\">\n<figure class=\"wp-block-image size-large\"><img loading=\"lazy\" decoding=\"async\" width=\"1024\" height=\"768\" src=\"https:\/\/mexicoformandocampeones.org\/wp-content\/uploads\/2025\/09\/WhatsApp-Image-2025-09-04-at-2.12.00-PM-1-1024x768.jpeg\" alt=\"\" class=\"wp-image-707\" srcset=\"https:\/\/mexicoformandocampeones.org\/wp-content\/uploads\/2025\/09\/WhatsApp-Image-2025-09-04-at-2.12.00-PM-1-1024x768.jpeg 1024w, https:\/\/mexicoformandocampeones.org\/wp-content\/uploads\/2025\/09\/WhatsApp-Image-2025-09-04-at-2.12.00-PM-1-300x225.jpeg 300w, https:\/\/mexicoformandocampeones.org\/wp-content\/uploads\/2025\/09\/WhatsApp-Image-2025-09-04-at-2.12.00-PM-1-768x576.jpeg 768w, https:\/\/mexicoformandocampeones.org\/wp-content\/uploads\/2025\/09\/WhatsApp-Image-2025-09-04-at-2.12.00-PM-1-1536x1152.jpeg 1536w, https:\/\/mexicoformandocampeones.org\/wp-content\/uploads\/2025\/09\/WhatsApp-Image-2025-09-04-at-2.12.00-PM-1.jpeg 1600w\" sizes=\"auto, (max-width: 1024px) 100vw, 1024px\" \/><\/figure>\n<\/div>\n<\/div>\n\n\n\n<p class=\"has-text-align-center\">Entrega de Uniforme a la Campeona de Box Nahomi de Ita . <\/p>\n\n\n\n<figure class=\"wp-block-image aligncenter size-large\"><img loading=\"lazy\" decoding=\"async\" width=\"1024\" height=\"768\" src=\"https:\/\/mexicoformandocampeones.org\/wp-content\/uploads\/2025\/09\/WhatsApp-Image-2025-09-04-at-2.11.59-PM-2-1024x768.jpeg\" alt=\"\" class=\"wp-image-708\" srcset=\"https:\/\/mexicoformandocampeones.org\/wp-content\/uploads\/2025\/09\/WhatsApp-Image-2025-09-04-at-2.11.59-PM-2-1024x768.jpeg 1024w, https:\/\/mexicoformandocampeones.org\/wp-content\/uploads\/2025\/09\/WhatsApp-Image-2025-09-04-at-2.11.59-PM-2-300x225.jpeg 300w, https:\/\/mexicoformandocampeones.org\/wp-content\/uploads\/2025\/09\/WhatsApp-Image-2025-09-04-at-2.11.59-PM-2-768x576.jpeg 768w, https:\/\/mexicoformandocampeones.org\/wp-content\/uploads\/2025\/09\/WhatsApp-Image-2025-09-04-at-2.11.59-PM-2-1536x1152.jpeg 1536w, https:\/\/mexicoformandocampeones.org\/wp-content\/uploads\/2025\/09\/WhatsApp-Image-2025-09-04-at-2.11.59-PM-2.jpeg 1600w\" sizes=\"auto, (max-width: 1024px) 100vw, 1024px\" \/><\/figure>\n\n\n\n<p class=\"has-text-align-center\">Entrega de uniformes para la Selecci\u00f3n de Nataci\u00f3n para su competencia del Estatal Plata CL 2025<\/p>\n\n\n\n<figure class=\"wp-block-image aligncenter size-large\"><img loading=\"lazy\" decoding=\"async\" width=\"1024\" height=\"768\" src=\"https:\/\/mexicoformandocampeones.org\/wp-content\/uploads\/2025\/09\/WhatsApp-Image-2025-09-04-at-1.52.50-PM-1024x768.jpeg\" alt=\"\" class=\"wp-image-704\" srcset=\"https:\/\/mexicoformandocampeones.org\/wp-content\/uploads\/2025\/09\/WhatsApp-Image-2025-09-04-at-1.52.50-PM-1024x768.jpeg 1024w, https:\/\/mexicoformandocampeones.org\/wp-content\/uploads\/2025\/09\/WhatsApp-Image-2025-09-04-at-1.52.50-PM-300x225.jpeg 300w, https:\/\/mexicoformandocampeones.org\/wp-content\/uploads\/2025\/09\/WhatsApp-Image-2025-09-04-at-1.52.50-PM-768x576.jpeg 768w, https:\/\/mexicoformandocampeones.org\/wp-content\/uploads\/2025\/09\/WhatsApp-Image-2025-09-04-at-1.52.50-PM-1536x1152.jpeg 1536w, https:\/\/mexicoformandocampeones.org\/wp-content\/uploads\/2025\/09\/WhatsApp-Image-2025-09-04-at-1.52.50-PM.jpeg 1600w\" sizes=\"auto, (max-width: 1024px) 100vw, 1024px\" \/><\/figure>\n\n\n\n<p class=\"has-text-align-center\">Entrega de Uniformes para la Selecci\u00f3n de Hockey sobre Pasto categor\u00eda infantil. <\/p>\n\n\n\n<figure class=\"wp-block-image aligncenter size-large\"><img loading=\"lazy\" decoding=\"async\" width=\"1024\" height=\"768\" src=\"https:\/\/mexicoformandocampeones.org\/wp-content\/uploads\/2025\/09\/WhatsApp-Image-2025-09-04-at-2.13.25-PM-1024x768.jpeg\" alt=\"\" class=\"wp-image-710\" srcset=\"https:\/\/mexicoformandocampeones.org\/wp-content\/uploads\/2025\/09\/WhatsApp-Image-2025-09-04-at-2.13.25-PM-1024x768.jpeg 1024w, https:\/\/mexicoformandocampeones.org\/wp-content\/uploads\/2025\/09\/WhatsApp-Image-2025-09-04-at-2.13.25-PM-300x225.jpeg 300w, https:\/\/mexicoformandocampeones.org\/wp-content\/uploads\/2025\/09\/WhatsApp-Image-2025-09-04-at-2.13.25-PM-768x576.jpeg 768w, https:\/\/mexicoformandocampeones.org\/wp-content\/uploads\/2025\/09\/WhatsApp-Image-2025-09-04-at-2.13.25-PM-1536x1152.jpeg 1536w, https:\/\/mexicoformandocampeones.org\/wp-content\/uploads\/2025\/09\/WhatsApp-Image-2025-09-04-at-2.13.25-PM.jpeg 1600w\" sizes=\"auto, (max-width: 1024px) 100vw, 1024px\" \/><\/figure>\n\n\n\n<p class=\"has-text-align-center\">Entrega de Uniforme a la Selecci\u00f3n de Nataci\u00f3n para la Gimnasiada Escolar Nacional 2025 llevada a cabo en Puebla. <\/p>\n\n\n\n<figure class=\"wp-block-image aligncenter size-large\"><img loading=\"lazy\" decoding=\"async\" width=\"1024\" height=\"867\" src=\"https:\/\/mexicoformandocampeones.org\/wp-content\/uploads\/2025\/09\/WhatsApp-Image-2025-09-04-at-1.52.51-PM-1024x867.jpeg\" alt=\"\" class=\"wp-image-709\" srcset=\"https:\/\/mexicoformandocampeones.org\/wp-content\/uploads\/2025\/09\/WhatsApp-Image-2025-09-04-at-1.52.51-PM-1024x867.jpeg 1024w, https:\/\/mexicoformandocampeones.org\/wp-content\/uploads\/2025\/09\/WhatsApp-Image-2025-09-04-at-1.52.51-PM-300x254.jpeg 300w, https:\/\/mexicoformandocampeones.org\/wp-content\/uploads\/2025\/09\/WhatsApp-Image-2025-09-04-at-1.52.51-PM-768x650.jpeg 768w, https:\/\/mexicoformandocampeones.org\/wp-content\/uploads\/2025\/09\/WhatsApp-Image-2025-09-04-at-1.52.51-PM-1536x1300.jpeg 1536w, https:\/\/mexicoformandocampeones.org\/wp-content\/uploads\/2025\/09\/WhatsApp-Image-2025-09-04-at-1.52.51-PM.jpeg 1600w\" sizes=\"auto, (max-width: 1024px) 100vw, 1024px\" \/><\/figure>\n\n\n\n<p>Entrega de un apoyo econ\u00f3mico para el Equipo de Futbol infantil CIFU de la Alcald\u00eda GAM, quienes estar\u00e1n participando en el Mundial Infantil y Juvenil de Futbol 7 en Le\u00f3n, Guanajuato. <\/p>\n\n\n\n<figure class=\"wp-block-image aligncenter size-large\"><img loading=\"lazy\" decoding=\"async\" width=\"1024\" height=\"615\" src=\"https:\/\/mexicoformandocampeones.org\/wp-content\/uploads\/2025\/09\/WhatsApp-Image-2025-09-04-at-2.11.59-PM-1-1024x615.jpeg\" alt=\"\" class=\"wp-image-711\" srcset=\"https:\/\/mexicoformandocampeones.org\/wp-content\/uploads\/2025\/09\/WhatsApp-Image-2025-09-04-at-2.11.59-PM-1-1024x615.jpeg 1024w, https:\/\/mexicoformandocampeones.org\/wp-content\/uploads\/2025\/09\/WhatsApp-Image-2025-09-04-at-2.11.59-PM-1-300x180.jpeg 300w, https:\/\/mexicoformandocampeones.org\/wp-content\/uploads\/2025\/09\/WhatsApp-Image-2025-09-04-at-2.11.59-PM-1-768x461.jpeg 768w, https:\/\/mexicoformandocampeones.org\/wp-content\/uploads\/2025\/09\/WhatsApp-Image-2025-09-04-at-2.11.59-PM-1.jpeg 1250w\" sizes=\"auto, (max-width: 1024px) 100vw, 1024px\" \/><\/figure>\n\n\n\n<p class=\"has-text-align-center\">Entrega de Parkas para la Selecci\u00f3n de Nataci\u00f3n <\/p>\n","protected":false},"excerpt":{"rendered":"<p>Entrega de Uniforme para la Seleccionada Nacional de Hockey sobre Pasto Dannae S.M.G, quien logro el 3er lugar en la [&hellip;]<\/p>\n","protected":false},"author":1,"featured_media":0,"parent":0,"menu_order":0,"comment_status":"closed","ping_status":"closed","template":"","meta":{"content-type":"","site-sidebar-layout":"default","site-content-layout":"","ast-site-content-layout":"","site-content-style":"default","site-sidebar-style":"default","ast-global-header-display":"","ast-banner-title-visibility":"","ast-main-header-display":"","ast-hfb-above-header-display":"","ast-hfb-below-header-display":"","ast-hfb-mobile-header-display":"","site-post-title":"","ast-breadcrumbs-content":"","ast-featured-img":"","footer-sml-layout":"","theme-transparent-header-meta":"","adv-header-id-meta":"","stick-header-meta":"","header-above-stick-meta":"","header-main-stick-meta":"","header-below-stick-meta":"","astra-migrate-meta-layouts":"default","ast-page-background-enabled":"default","ast-page-background-meta":{"desktop":{"background-color":"var(--ast-global-color-4)","background-image":"","background-repeat":"repeat","background-position":"center center","background-size":"auto","background-attachment":"scroll","background-type":"","background-media":"","overlay-type":"","overlay-color":"","overlay-gradient":""},"tablet":{"background-color":"","background-image":"","background-repeat":"repeat","background-position":"center center","background-size":"auto","background-attachment":"scroll","background-type":"","background-media":"","overlay-type":"","overlay-color":"","overlay-gradient":""},"mobile":{"background-color":"","background-image":"","background-repeat":"repeat","background-position":"center center","background-size":"auto","background-attachment":"scroll","background-type":"","background-media":"","overlay-type":"","overlay-color":"","overlay-gradient":""}},"ast-content-background-meta":{"desktop":{"background-color":"var(--ast-global-color-5)","background-image":"","background-repeat":"repeat","background-position":"center center","background-size":"auto","background-attachment":"scroll","background-type":"","background-media":"","overlay-type":"","overlay-color":"","overlay-gradient":""},"tablet":{"background-color":"var(--ast-global-color-5)","background-image":"","background-repeat":"repeat","background-position":"center center","background-size":"auto","background-attachment":"scroll","background-type":"","background-media":"","overlay-type":"","overlay-color":"","overlay-gradient":""},"mobile":{"background-color":"var(--ast-global-color-5)","background-image":"","background-repeat":"repeat","background-position":"center center","background-size":"auto","background-attachment":"scroll","background-type":"","background-media":"","overlay-type":"","overlay-color":"","overlay-gradient":""}},"footnotes":""},"class_list":["post-147","page","type-page","status-publish","hentry"],"_links":{"self":[{"href":"https:\/\/mexicoformandocampeones.org\/index.php\/wp-json\/wp\/v2\/pages\/147","targetHints":{"allow":["GET"]}}],"collection":[{"href":"https:\/\/mexicoformandocampeones.org\/index.php\/wp-json\/wp\/v2\/pages"}],"about":[{"href":"https:\/\/mexicoformandocampeones.org\/index.php\/wp-json\/wp\/v2\/types\/page"}],"author":[{"embeddable":true,"href":"https:\/\/mexicoformandocampeones.org\/index.php\/wp-json\/wp\/v2\/users\/1"}],"replies":[{"embeddable":true,"href":"https:\/\/mexicoformandocampeones.org\/index.php\/wp-json\/wp\/v2\/comments?post=147"}],"version-history":[{"count":14,"href":"https:\/\/mexicoformandocampeones.org\/index.php\/wp-json\/wp\/v2\/pages\/147\/revisions"}],"predecessor-version":[{"id":714,"href":"https:\/\/mexicoformandocampeones.org\/index.php\/wp-json\/wp\/v2\/pages\/147\/revisions\/714"}],"wp:attachment":[{"href":"https:\/\/mexicoformandocampeones.org\/index.php\/wp-json\/wp\/v2\/media?parent=147"}],"curies":[{"name":"wp","href":"https:\/\/api.w.org\/{rel}","templated":true}]}}